me factors of 309446740.
2, 5, 59, 191, 1373
List the prime factors of 65680489.
7, 9382927
What are the prime factors of 40558447?
17, 31, 76961
What are the prime factors of 703982412?
2, 3, 7, 43, 9281
List the prime factors of 159891966.
2, 3, 13, 683299
List the prime factors of 43479328.
2, 1358729
List the prime factors of 470174098.
2, 229, 1026581
What are the prime factors of 2157025782?
2, 3, 17417, 20641
List the prime factors of 355175611.
7, 17, 61, 113, 433
List the prime factors of 1443903792.
2, 3, 73, 412073
What are the prime factors of 146242070?
2, 5, 13, 29, 38791
List the prime factors of 219760417.
151, 1455367
What are the prime factors of 164598400?
2, 5, 51437
List the prime factors of 91624453.
91624453
List the prime factors of 35944096.
2, 47, 23899
List the prime factors of 30748663.
11, 677, 4129
List the prime factors of 50144504.
2, 6268063
What are the prime factors of 153471564?
2, 3, 109, 13037
What are the prime factors of 41690974?
2, 13, 47, 109, 313
What are the prime factors of 44167616?
2, 690119
What are the prime factors of 792180945?
3, 5, 877, 6691
List the prime factors of 7186028536.
2, 331, 491, 5527
What are the prime factors of 1260597622?
2, 37, 47, 362449
List the prime factors of 5719229663.
7, 43, 173, 109831
What are the prime factors of 380708087?
101, 3769387
What are the prime factors of 22262754?
2, 3, 41, 90499
List the prime factors of 889705717.
179, 199, 24977
List the prime factors of 34964745.
3, 5, 31, 75193
List the prime factors of 6589816.
2, 823727
List the prime factors of 350402865.
3, 5, 1601, 14591
What are the prime factors of 683850687?
3, 13, 17, 37, 61, 457
List the prime factors of 44432137.
509, 87293
List the prime factors of 2286571388.
2, 2161, 264527
List the prime factors of 2554774916.
2, 61, 10470389
List the prime factors of 1144323895.
5, 11, 13, 1103, 1451
List the prime factors of 3460570667.
29, 119330023
What are the prime factors of 1124943169?
7, 160706167
What are the prime factors of 819571135?
5, 67, 2446481
List the prime factors of 168800691.
3, 56266897
What are the prime factors of 816913680?
2, 3, 5, 11, 309437
What are the prime factors of 2277080891?
23, 379, 261223
What are the prime factors of 175081835?
5, 4513, 7759
List the prime factors of 107889444.
2, 3, 13, 269, 857
What are the prime factors of 6264377129?
23, 272364223
What are the prime factors of 149383989?
3, 233, 71237
List the prime factors of 109865592.
2, 3, 508637
List the prime factors of 2918717744.
2, 182419859
What are the prime factors of 81598926?
2, 3, 109, 124769
List the prime factors of 136337721.
3, 13, 23, 31, 4903
What are the prime factors of 523685105?
5, 104737021
What are the prime factors of 349603815?
3, 5, 11, 2118811
What are the prime factors of 5766797971?
11, 31, 631, 26801
What are the prime factors of 29403837?
3, 457, 2383
What are the prime factors of 42998656?
2, 61, 5507
List the prime factors of 1606984566.
2, 3, 11, 24348251
List the prime factors of 12660057.
3, 53, 983
List the prime factors of 313036182.
2, 3, 59, 294761
List the prime factors of 194965323.
3, 7, 53, 59, 2969
What are the prime factors of 1130564851?
13, 86966527
List the prime factors of 300219175.
5, 821, 14627
List the prime factors of 2530037930.
2, 5, 7, 36143399
What are the prime factors of 5320658025?
3, 5, 199, 118831
List the prime factors of 103707134.
2, 521, 99527
List the prime factors of 3878323153.
5813, 667181
List the prime factors of 32902580.
2, 5, 1645129
What are the prime factors of 3356383486?
2, 89, 18856087
What are the prime factors of 1762038253?
17, 61, 691, 2459
What are the prime factors of 462790373?
67, 6907319
What are the prime factors of 3346340?
2, 5, 167317
What are the prime factors of 3571682795?
5, 19, 37596661
What are the prime factors of 26429580?
2, 3, 5, 359, 409
What are the prime factors of 24349050?
2, 3, 5, 11, 4919
What are the prime factors of 194883587?
194883587
What are the prime factors of 20952200?
2, 5, 104761
List the prime factors of 196520099.
89, 2208091
List the prime factors of 79450787.
13, 251, 1873
List the prime factors of 606004611.
3, 37, 251, 21751
What are the prime factors of 116893906?
2, 401, 145753
List the prime factors of 50471492.
2, 41, 467, 659
What are the prime factors of 822444636?
2, 3, 13, 5272081
What are the prime factors of 202090476?
2, 3, 7, 41, 58679
What are the prime factors of 37061525?
5, 1482461
What are the prime factors of 1531722521?
7, 218817503
List the prime factors of 65223016.
2, 17, 479581
What are the prime factors of 1030416528?
2, 3, 491, 43721
What are the prime factors of 1328361155?
5, 11, 19, 1093, 1163
What are the prime factors of 30710555?
5, 19, 37, 8737
What are the prime factors of 1773082817?
11, 277, 52901
What are the prime factors of 106531969?
191, 557759
List the prime factors of 4778801375.
5, 47, 197, 4129
List the prime factors of 3440099335.
5, 29, 149, 159227
List the prime factors of 21734305.
5, 41, 97, 1093
What are the prime factors of 60261944?
2, 67, 112429
List the prime factors of 204262372.
2, 51065593
List the prime factors of 63825386.
2, 109, 292777
What are the prime factors of 568866629?
167, 3406387
What are the prime factors of 13279345?
5, 1229, 2161
What are the prime factors of 3190300238?
2, 23, 69354353
List the prime factors of 208483262.
2, 13, 29, 276503
What are the prime factors of 87548710?
2, 5, 8754871
What are the prime factors of 872640285?
3, 5, 11, 1429, 3701
List the prime factors of 271675010.
2, 5, 31, 876371
What are the prime factors of 132426349?
11, 229, 52571
What are the prime factors of 16519761?
3, 41, 14923
What are the prime factors of 104711063?
43, 139, 17519
What are the prime factors of 163249621?
8783, 18587
List the prime factors of 41629497.
3, 7, 13, 31, 4919
List the prime factors of 36062780.
2, 5, 13, 17, 41, 199
What are the prime factors of 683432379?
3, 7, 241, 45013
What are the prime factors of 1712461429?
7, 53, 1627, 2837
What are the prime factors of 278270089?
278270089
List the prime factors of 336418675.
5, 73, 337, 547
What are the prime factors of 21131410?
2, 5, 719, 2939
What are the prime factors of 86942054?
2, 191, 227597
List the prime factors of 515760309.
3, 57306701
What are the prime factors of 380620?
2, 5, 19031
What are the prime factors of 865029400?
2, 5, 29, 149143
What are the prime factors of 35966527?
127, 173, 1637
What are the prime factors of 27836954?
2, 13918477
What are the prime factors of 57667017?
3, 127, 151357
List the prime factors of 478895174.
2, 53, 85243
What are the prime factors of 861896125?
5, 101, 233, 293
List the prime factors of 843765611.
13, 191, 339817
What are the prime factors of 473254915?
5, 7, 29, 466261
What are the prime factors of 520089911?
11, 47280901
What are the prime factors of 85260991?
137, 233, 2671
What are the prime factors of 634737?
3, 173, 1223
List the prime factors of 11110155.
3, 5, 7, 19, 5569
List the prime factors of 683375246.
2, 307, 1049, 1061
What are the prime factors of 2536258955?
5, 31, 3541, 4621
List the prime factors of 1847699110.
2, 5, 184769911
List the prime factors of 430848508.
2, 107712127
List the prime factors of 65995329.
3, 29, 359, 2113
What are the prime factors of 3099662362?
2, 1549831181
What are the prime factors of 32301557?
43, 751199
What are the prime factors of 63434229?
3, 21144743
List the prime factors of 103438215.
3, 5, 29, 8807
What are the prime factors of 1503397501?
1503397501
List the prime factors of 75049308.
2, 3, 694901
What are the prime factors of 425665939?
193, 1087, 2029
What are the prime factors of 2079389479?
179, 11616701
List the prime factors of 1468840961.
7, 19, 359, 30763
What are the prime factors of 1300289194?
2, 137, 571, 8311
List the prime factors of 99885097.
13, 73, 105253
What are the prime factors of 370254891?
3, 123418297
List the prime factors of 108117348.
2, 3, 17, 529987
What are the prime factors of 258927916?
2, 13, 383, 13001
List the prime factors of 456425501.
7, 23, 137, 20693
List the prime factors of 2753049249.
3, 1109, 91943
What are the prime factors of 71026238?
2, 17, 1231, 1697
List the prime factors of 39